et z(q) = -q**3 - 9*q**2 - 7*q + 9. Calculate z(-8).
1
Let a(g) = -80*g**3 + 2*g**2 - 1. Calculate a(1).
-79
Let q(n) = 2*n + 5. Calculate q(-8).
-11
Let u(p) = -p**3 + 9*p**2 + 12*p + 1. What is u(10)?
21
Let d(c) = 3*c**2 + 6*c - 13. Determine d(3).
32
Let q(r) = -9*r - 103. Determine q(-13).
14
Let n(v) = -2*v**3 + 6*v**2 - 3*v + 5. Calculate n(4).
-39
Let x(t) = -t**3 + 22*t**2 - 19*t + 41. Calculate x(21).
83
Let z(a) = 5*a + 7. Calculate z(5).
32
Let i(d) = -23*d - 68. Give i(-4).
24
Let f(r) = -r - 7. Determine f(-23).
16
Let y(u) = u**2 + 7*u + 23. Determine y(-11).
67
Let c(z) = z**3 + 3*z**2 - 7*z - 6. What is c(-5)?
-21
Let j(y) = y**3 - 4*y**2 - y + 5. What is j(4)?
1
Let z(f) = -f**2 + 38. What is z(-7)?
-11
Let s(p) = p**2 - 11*p + 15. Determine s(10).
5
Let f(k) = -35*k - 37. What is f(-1)?
-2
Let k(h) = h**2 - 5*h + 5. Determine k(0).
5
Let m(p) = -2*p + 6. Give m(3).
0
Let v(q) = -8*q - 74. Calculate v(-9).
-2
Let z(a) = -a**3 - 6*a**2 + 2*a + 5. Calculate z(-6).
-7
Let l(q) = -q**3 - q**2 + q + 23. Give l(0).
23
Let w(h) = -h**2 + 7*h - 13. Calculate w(9).
-31
Let t(c) = 3*c - 8. Give t(8).
16
Let j(c) = c**3 - 14*c**2 - 16*c + 10. What is j(15)?
-5
Let f(q) = 4*q + 34. Determine f(-10).
-6
Let a(y) = 3*y + 63. Give a(-18).
9
Let x(y) = -3*y - 1. Calculate x(1).
-4
Let j(r) = 2*r**3 - 2*r. What is j(-2)?
-12
Let j(b) = b - 2. Determine j(-5).
-7
Let k(i) = -i**2 - 8*i + 17. Give k(-9).
8
Let k(z) = z + 9. What is k(10)?
19
Let i(r) = 3*r**2 - 15*r + 30. Calculate i(2).
12
Let n(r) = 3*r**2 - 57*r - 6. Give n(19).
-6
Let p(i) = -i**3 + i - 5. What is p(0)?
-5
Let j(p) = p + 8. Give j(-6).
2
Let d(f) = 36*f**2 + 3*f + 2. Give d(-1).
35
Let f(w) = w**3 + 5*w**2 - 6*w - 7. Give f(-6).
-7
Let v(n) = -4*n - 163. Give v(-38).
-11
Let b(r) = -3*r + 3. Calculate b(-6).
21
Let u(j) = 3*j**2 - 7*j + 5. What is u(2)?
3
Let h(t) = -t**3 - 18*t**2 - 17*t + 16. What is h(-17)?
16
Let p(h) = 39*h**3 - h**2 + h + 2. Give p(-1).
-39
Let j(k) = k - 48. Determine j(7).
-41
Let w(p) = -p**3 + 3*p**2 + 2*p. Calculate w(-3).
48
Let s(h) = h**2 + 9*h - 4. Calculate s(-8).
-12
Let q(x) = -2*x**2 - 14*x - 13. Give q(-7).
-13
Let a(p) = -p - 1. Determine a(-7).
6
Let f(h) = -11*h + 20. Calculate f(2).
-2
Let c(z) = z**2 - 52. Determine c(0).
-52
Let u(c) = c**2 - 9*c - 24. Give u(10).
-14
Let s(g) = g - 23. Determine s(6).
-17
Let b(g) = 5*g**2 + 13*g + 12. Determine b(-1).
4
Let m(r) = 12*r**3 + 2*r**2 + 4*r + 1. Give m(-1).
-13
Let v(c) = c**2 + 61*c + 179. Give v(-58).
5
Let u(h) = -5*h + 6. Determine u(10).
-44
Let j(t) = -2*t**2 + 19*t + 24. What is j(14)?
-102
Let c(i) = -i**3 - 8*i**2 - 9*i - 14. Give c(-7).
0
Let z(a) = a**2 - 20*a - 232. Give z(29).
29
Let j(d) = d**2 + 11*d - 3. What is j(-8)?
-27
Let z(b) = b**2 + 56*b + 157. Calculate z(-53).
-2
Let g(p) = -p**2 + 3*p - 7. Determine g(-5).
-47
Let o(d) = -17*d + 11. Determine o(1).
-6
Let k(j) = j - 3. Calculate k(3).
0
Let k(q) = q**2 + 17*q + 12. Calculate k(-15).
-18
Let c(d) = -d**3 + 7*d**2 - 10*d + 18. Give c(6).
-6
Let w(t) = -t**3 - 46*t**2 - 45*t + 14. Calculate w(-45).
14
Let a(k) = 7*k**2 - k - 2. Give a(3).
58
Let m(x) = x**3 - 5*x**2 - 6*x + 3. Give m(5).
-27
Let y(q) = 2*q**2 - 70*q + 69. Give y(34).
1
Let j(z) = -15*z**2 + 1. Give j(1).
-14
Let a(r) = -r**3 + r - 7. Determine a(0).
-7
Let a(k) = k**2 - 14*k + 17. What is a(11)?
-16
Let x(g) = -g + 14. Calculate x(6).
8
Let c(x) = 6*x**3 - 6*x**2 + 8*x - 3. Give c(2).
37
Let w(b) = -3*b**2 - 3*b - 2. Calculate w(-2).
-8
Let n(i) = -i**3 + 11*i**2 - 13*i + 22. Calculate n(10).
-8
Let k(b) = b**2 - 6*b - 10. What is k(6)?
-10
Let h(x) = x**3 - 2*x**2 - 7. Calculate h(3).
2
Let n(z) = -2*z + 2. Calculate n(6).
-10
Let j(m) = m**2 + 4*m + 1. Calculate j(-2).
-3
Let t(o) = o**3 + 15*o**2 + 15*o - 4. What is t(-14)?
-18
Let i(d) = 16*d - 10. Determine i(-4).
-74
Let x(m) = m**3 - 16*m**2 + 40*m - 10. Give x(13).
3
Let b(u) = -u**3 + 9*u**2 + 11*u + 8. Give b(10).
18
Let q(t) = t**3 + 7*t**2 + t + 8. What is q(-7)?
1
Let v(y) = -y**3 - 8*y**2 - y - 2. Give v(-8).
6
Let n(x) = -x**3 + 26*x**2 + 2*x - 53. What is n(26)?
-1
Let m(w) = -w**2 - 5*w - 3. Give m(-6).
-9
Let v(n) = n**3 + 14*n**2 + 39*n - 12. What is v(-10)?
-2
Let p(x) = -x**2 - 20*x - 75. What is p(-5)?
0
Let h(d) = 12*d**2 + 5*d + 5. Determine h(-1).
12
Let v(i) = -2*i - 9. Give v(-8).
7
Let s(l) = -l**2 + 13*l - 23. Give s(10).
7
Let h(x) = 2*x + 26. Calculate h(-12).
2
Let s(h) = -h**2 + 9*h + 4. Determine s(9).
4
Let k(s) = -s**2 - 3*s + 14. Give k(-6).
-4
Let i(y) = -6*y**2 + 3*y - 2. Give i(1).
-5
Let j(n) = n**2 + 3. Give j(-5).
28
Let m(v) = 10*v + 4. What is m(-3)?
-26
Let h(l) = 4*l**2 + 15*l + 2. Give h(-4).
6
Let d(h) = h**3 + 6*h**2 - 26*h - 156. What is d(-7)?
-23
Let v(m) = m**3 - 5*m**2 - 2*m. Calculate v(5).
-10
Let l(r) = -3*r**2 - 14*r + 7. Determine l(-6).
-17
Let s(w) = -w - 9. What is s(6)?
-15
Let h(z) = 33*z - 8. Give h(0).
-8
Let l(o) = o + 34. Determine l(12).
46
Let a(x) = -x**2 + 2*x + 3. Calculate a(3).
0
Let p(c) = -3*c - 9. Calculate p(-6).
9
Let j(m) = -m**3 - 3*m**2 + 3*m + 6. Give j(-4).
10
Let p(k) = -k**3 + 15*k**2 + 16*k - 15. Give p(16).
-15
Let b(p) = -4*p**2 + 22*p + 13. Give b(7).
-29
Let f(s) = 2*s**2 - s - 12. Calculate f(0).
-12
Let n(k) = k + 5. Give n(-9).
-4
Let b(l) = 4*l + 16. Determine b(-8).
-16
Let j(v) = -3*v**3 + 7*v - 5. Give j(2).
-15
Let a(t) = -t**2 + 7*t. Determine a(6).
6
Let k(t) = -116*t + 1387. What is k(12)?
-5
Let q(i) = -i**3 - 6*i**2 - 4*i + 10. Give q(-5).
5
Let l(w) = -w**2 - w - 4. Determine l(-2).
-6
Let x(g) = g**3 + g**2 + 2*g + 3. Give x(-2).
-5
Let b(o) = -o**3 + 11*o**2 - 14*o + 4. Calculate b(8).
84
Let a(c) = -c**2 - 5*c + 14. What is a(-7)?
0
Let a(z) = z**2 + 11*z + 2. Determine a(-8).
-22
Let v(u) = u**3 - 15*u**2 - 14*u - 29. Determine v(16).
3
Let j(z) = -62*z - 128. Calculate j(-2).
-4
Let u(t) = -6*t - 48. Give u(0).
-48
Let p(d) = 8*d - 46. Give p(5).
-6
Let p(d) = 2*d**2 - 11*d + 7. Determine p(5).
2
Let k(x) = 10*x - 152. Determine k(8).
-72
Let l(m) = m**3 - 8*m**2 + 10*m - 12. What is l(6)?
-24
Let m(d) = 10*d + 7. Calculate m(-2).
-13
Let b(j) = 7*j - 4. Determine b(4).
24
Let x(t) = 31*t**2 + 5*t - 5. What is x(1)?
31
Let b(v) = -v**2 - 40*v - 23. Calculate b(-39).
16
Let v(s) = 7*s**3 + 114*s**2 + 35*s + 47. Calculate v(-16).
-1
Let o(c) = c - 2. Calculate o(6).
4
Let u(a) = -a + 1. Determine u(8).
-7
Let o(a) = -a**3 + 2*a + 4. Give o(4).
-52
Let o(f) = -f**3 - 8*f**2 - 5*f - 5. Calculate o(-7).
-19
Let w(v) = -v**3 + 7*v**2 - 9*v - 2. What is w(5)?
3
Let q(t) = t**2 - 2*t + 6. Determine q(6).
30
Let c(v) = v**3 + 13*v**2 + v + 8. What is c(-13)?
-5
Let r(t) = t**2 + 12*t - 8. What is r(-9)?
-35
Let t(q) = 73*q - 73. Give t(1).
0
Let v(h) = -3*h**2 + 60*h - 168. Give v(3).
-15
Let d(t) = -3*t**2 + 39*t - 4. Determine d(13).
-4
Let g(t) = t**2 + 6*t - 5. Calculate g(2).
11
Let h(s) = -s**2 - 6*s - 9. Determine h(-4).
-1
Let f(b) = b**3 - 2*b**2 + b - 4. Calculate f(3).
8
Let n(v) = -v**2 - 13*v - 10. Calculate n(-7).
32
Let k(c) = c**2 - 24*c + 26. Determine k(23).
3
Let c(q) = -q**2 + 9*q - 11. Determine c(7).
3
Let i(k) = -k**3 + 33*k**2 + 2*k - 66. What is i(33)?
0
Let g(z) = -z**3 - 5*z**2 + 176*z - 4. What is g(-16)?
-4
Let a(r) = r**2 + 4*r + 6. Calculate a(-7).
27
Let v(a) = -3*a - 77. What is v(-26)?
1
Let l(r) = -2*r + 2. What is l(-4)?
10
Let y(r) = -10*r - 1. Determine y(1).
-11
Let x(m) = m**2 - 3*m - 11. Calculate x(5).
-1
Let h(t) = t**3 + 6*t**2 + t + 12. Determine h(-6).
6
Let f(c) = 4*c**3 - c**2 - 5*c - 2. Determine f(-2).
-28
Let k(d) = -3*d**2 + 9*d - 9. Calculate k(3).
-9
Let q(r) = -r**3 + 28*r**2 - 31*r + 102. Give q(27).
-6
Let h(g) = g**3 - 7*g**2 - 17*g + 134. What is h(6)?
-4
Let u(y) = -3*y - 31. Determine u(-11).
2
Let z(h) = h**3 - 5*h**2 - 47*h - 36. Determine z(10).
-6
Let u(w) = 6*w + 25. Calculate u(-6).
-11
Let y(t) = -t**3 + 11*t**2 - 11*t + 13. Give y(10).
3
Let a(y) = -3*y**2 + 7*y + 1. What is a(4)?
-19
Let i(q) = q**2 - 18*q + 24. What is i(7)?
-53
Let z(f) = 29*f**2 - f. Give z(-1).
30
Let v(j) = 2*j - 4. Give v(5).
6
Let b(q) = q**3 + q**2 + 5*q - 1. Calculate b(-5).
-126
Let n(o) = -7*o - 2. Calculate n(2).
-16
Let m(y) = y**3 - 6*y**